the prime factors of o(z).
2, 3, 13
Let x(k) = 41*k - 19. Let s be x(-3). Let v = 130 + s. List the prime factors of (-1350)/v - (-5)/(-2).
2, 5, 11
What are the prime factors of (15 + -20 - -9)*(-24318)/(-8)?
3, 7, 193
Suppose -4*s = -3*j - 14, 2*s - 4 = 4*s + 4*j. Suppose -s*n = -0*n - 8. List the prime factors of n.
2
Let t(w) = -w**2 - 10*w + 29. Let h be t(-12). Let r(a) = -3*a + 17. Let z be r(h). List the prime factors of (2*65 - z) + (-1 - -3).
2, 5, 13
Suppose 3*m + 5*q = -0*q + 116, q + 124 = 4*m. Let w(t) = -4 + m*t + 14 - 6 - 5. What are the prime factors of w(3)?
5, 19
Suppose -3*d = 5*z - 2315, 17*d - 2279 = 14*d + 4*z. List the prime factors of d.
3, 5, 17
Let w(f) = f**3 - 4*f**2 + 3*f - 6. Let v be w(6). Let g = 54 - 90. List the prime factors of (0 + v)*(-24)/g.
2, 7
Let n = -472 - -1540. Let z = n - 449. List the prime factors of z.
619
Let d = 58294 - 39562. List the prime factors of d.
2, 3, 7, 223
What are the prime factors of 24692/20 + 1 - (-4)/10?
2, 3, 103
Let z be 1/(24/(-40)*(-1)/6). Suppose 750 = -z*y + 13*y. Suppose 29*j = 27*j + y. What are the prime factors of j?
5
What are the prime factors of (16 - (0 + -42019)) + 19?
2, 3, 43, 163
Let a be -6*(4 + 39/(-9)). Let i be (-24)/36*(-15)/a. Suppose 223 = i*k + 28. List the prime factors of k.
3, 13
Let b(r) be the third derivative of 3*r**4/8 + 14*r**3/3 + 7*r**2. Let l be b(13). Let v = l + -64. List the prime factors of v.
3
List the prime factors of (-956)/5*(-20 - 300/8).
2, 23, 239
Let v = 29325 + -20384. List the prime factors of v.
8941
Suppose 6*w - 3150 = 6576. Suppose -30*u = -29*u - w. What are the prime factors of u?
1621
Let g be -1682 - (7/(-4) - 3/12). What are the prime factors of g/(-20) + (-1 - -1)?
2, 3, 7
Let f(w) = w**3 + 53*w**2 + 40*w + 137. What are the prime factors of f(-21)?
11, 23, 53
List the prime factors of 14630 + ((-13)/((-156)/(-12)) - -4).
14633
Let p(b) = 25*b - 71. Let j be p(3). Suppose 4 = 5*o - 2*v, 2*o + 0*o + v = 7. Suppose -3*x + 3*q + 513 = 0, o*q + 876 = 5*x + j*q. List the prime factors of x.
2, 3, 29
Let x(m) = -23 - 23*m + 13 - 56 - 19. What are the prime factors of x(-6)?
53
Let f(x) = 33*x**3 + 20*x**2 - 32*x - 155. List the prime factors of f(12).
5, 31, 383
Suppose 938 = 3*f + 4*l, 2*l + 1147 = 3*f + 239. Let w = -129 + f. What are the prime factors of w?
3, 59
Suppose 15 = 57*m - 52*m, -5*f - 2*m = -34366. List the prime factors of f.
2, 859
Let o = -34 + -37. Let b be o/5 + 4/60*3. Let l = b + 64. What are the prime factors of l?
2, 5
Let m = 1022 + -698. Let c = m - 10. List the prime factors of c.
2, 157
Let i(d) = 496*d - 2930. What are the prime factors of i(50)?
2, 3, 5
Let o(j) be the second derivative of -j**5/20 - 13*j**4/12 + j**3/6 + 7*j**2/2 - 34*j. Let d be o(-13). List the prime factors of (-9)/6*76/d.
19
Suppose -5*u - 2*o + 55 = 0, -3*o + 36 = 2*u - 5*o. Let g = u + -19. What are the prime factors of -243*(1 + g)/15?
3
Let c(v) = 7*v**2 - 46*v + 14. Let a(g) = -g + 1. Let l(n) = 4*a(n) + c(n). Let z(f) be the first derivative of l(f). What are the prime factors of z(6)?
2, 17
Let v = 15 + -27. Let a be (-8)/10 - v/(-10). What are the prime factors of -1 + -1 + (-130)/a?
3, 7
Let m = 24 - 13. Suppose -m*t + 5624 = 69. Let s = -314 + t. List the prime factors of s.
191
Let w = 1199 - 421. Let t = w + -467. What are the prime factors of t?
311
Let y(d) be the second derivative of -d**4/12 - 23*d**3/6 - 7*d**2 - d. Suppose -56*j = 2*j + 986. List the prime factors of y(j).
2, 11
Let m(p) = p**3 + 16*p**2 + 13*p - 20. Let v be m(-15). Suppose 6*h = v*h + 364. Let b = 12 - h. What are the prime factors of b?
103
Let m(r) be the third derivative of -r**5/60 + 13*r**4/8 - 19*r**3/3 - 15*r**2 + 1. List the prime factors of m(21).
2, 5, 17
Suppose -4*m - m = 1780. Let n be m/(-4 - -2) + (-18)/(-6). Suppose -3*v = -n - 38. What are the prime factors of v?
73
Suppose 3*d + 3*x = -105 - 114, 5*d + 358 = 2*x. List the prime factors of 1 - (-902)/8 - 18/d.
2, 3, 19
Suppose -16 = 2*l - 4*h + 36, 0 = -2*l - 2*h - 22. Let o = l - -9. Let r(b) = -b**3 - 7*b**2 - 15*b - 6. List the prime factors of r(o).
3, 11
Let d(w) = 2013*w**2 - 25*w - 3. What are the prime factors of d(-3)?
3, 43, 47
Let s = 1583 + -1718. Let u(x) = -x**3 + 8*x**2 + 7*x - 2. Let v be u(-5). Let z = v + s. What are the prime factors of z?
3, 17
Suppose -1319 = 3*g + 3*u - 5405, 4*g - 5*u - 5484 = 0. List the prime factors of g.
2, 683
Let z(h) = -25*h**3 + 3*h**2 - 3*h. Let d(o) = 23*o**3 - 2*o**2 + 3*o - 1. Let g(v) = -7*d(v) - 6*z(v). What are the prime factors of g(-4)?
659
Suppose 3*f - 6*f = -6. Suppose -f*b - 2333 = -3*v, -766 = 23*v - 24*v + 3*b. What are the prime factors of v?
11, 71
Suppose 39*w - 40*w + 2*i = -32791, -4*w + 2*i = -131194. What are the prime factors of w?
32801
List the prime factors of 5551 - (-5 + 52/(-13)).
2, 5, 139
Suppose -b + 4760 = -i + 24279, 2*b = -i + 19513. List the prime factors of i.
29, 673
Let w be (-9)/(-3) - 0 - -1. Suppose -w*t + 64 + 228 = -2*y, 3*t = 0. Let o = y - -288. List the prime factors of o.
2, 71
Let s(i) = -i**2 - 6*i + 5. Let f be s(-7). Let r = -679 + 609. What are the prime factors of (1*(4 + r))/f?
3, 11
Let w(n) = 102*n + 11*n**2 - 89*n + 0*n**2 + 329 - 126. List the prime factors of w(-11).
13, 107
Suppose 5*u + 0*u - 11710 = 0. Suppose 12*c - 446 + u = 0. Let b = 294 + c. List the prime factors of b.
2, 17
Let i = 9519 + -9135. List the prime factors of i.
2, 3
Let l(t) = 209*t**2 + 241*t - 28. List the prime factors of l(-10).
2, 3, 17, 181
Let l(b) = b**3 + b**2 - 2*b + 1. Let s be l(0). List the prime factors of (-17)/85 - (3512/(-10) - s).
2, 11
Suppose -35*r + 437030 = 120*r - 10*r. What are the prime factors of r?
2, 11, 137
Let s(k) = k**3 - 17*k**2 - 36*k - 45. Let d be s(16). Let f = -250 - d. List the prime factors of f.
3, 11, 19
Let c(y) = -14*y**3 + 23*y**2 + 89*y + 12. Let a(p) = -5*p**3 + 8*p**2 + 30*p + 4. Let n(z) = 11*a(z) - 4*c(z). List the prime factors of n(10).
2, 3, 7
Let r be ((-96)/(-7))/(62/(-63) + 1). Suppose 14*k = 8*k - r. Let l = k - -294. List the prime factors of l.
2, 3, 5
Let h(s) = -s**2 + 11*s - 40. Let i be h(7). List the prime factors of 6/(1/((-6)/i)) + 47.
2, 5
Let k = -118 - -101. Let g(m) = 2*m**2 + 7*m - 40. List the prime factors of g(k).
419
Let u(n) = -n**2 + 9*n - 16. Let z be u(6). Suppose -4*r = -y - 16, 4*y + 21 = z*r - 1. Suppose t = p - r*p + 19, -p - 1 = -3*t. List the prime factors of p.
2
Let r be -21*(115/(-35) + 3). Suppose 4*n + 2 = r, -s + 1211 = 3*n. What are the prime factors of s?
2, 151
Let c be (-12)/(-56)*222 - 20/35. Let g = c + -6. Let a = 70 + g. What are the prime factors of a?
3, 37
Let h(q) = 61*q + 56*q + 58*q - 6 - 183*q. List the prime factors of h(-25).
2, 97
Suppose -61*y + 18 = -58*y, -y + 33862 = 4*c. What are the prime factors of c?
2, 23
Suppose 0 = -108*v + 134*v - 130. Let m be 8*(-3 - (-14)/4). Suppose 23 = -v*k - n + 1049, 0 = -m*k + n + 828. What are the prime factors of k?
2, 103
Suppose 15*i = 5*t + 20*i - 162060, 5*i = -3*t + 97224. List the prime factors of t.
2, 3, 1801
Suppose 0 = -4*z - j - 1627, 5*j - 6*j + 2027 = -5*z. Let u = 658 + z. What are the prime factors of u?
2, 3, 7
Let q(r) = r**3 + r**2 + r. Let h(n) = -7*n**3 - 5*n**2 + 6*n + 20. Let u(g) = -h(g) - 4*q(g). List the prime factors of u(5).
2, 3, 5, 11
Let c(z) = 269*z**3 - 2*z**2 - 11*z + 20. Let q be c(2). Suppose 2*o - q = 3*n, 5*n + 5369 = 5*o + n. What are the prime factors of o?
3, 359
Let i = 40 - 23. Let p(s) = -s**2 + 42*s - 34. Let m be p(i). Suppose 5*l = -2*d + m + 478, -3*l = 3*d - 516. List the prime factors of l.
5, 7
Let a(s) = -65*s**3 - 102*s**2 - 394*s + 5. List the prime factors of a(-4).
7, 587
Suppose -3*q - 19*l + 14*l = -16986, -3*q = 3*l - 16986. What are the prime factors of q?
2, 19, 149
Suppose -48742 = -3*i + p, -4*i + 41345 = -p - 23644. List the prime factors of i.
7, 11, 211
Let l = 187187 - 97566. What are the prime factors of l?
7, 31, 59
Suppose 0 = 26*r - 2*r + 37*r - 345382. List the prime factors of r.
2, 19, 149
Let h(l) = 21*l + 92. Let o be h(-5). Let a(v) = 5*v**2 - 13*v - 43. List the prime factors of a(o).
971
Suppose -2*o = 18*x - 17*x - 24767, 3*o = -3*x + 37143. What are the prime